{"id":162,"date":"2016-04-03T01:04:42","date_gmt":"2016-04-02T23:04:42","guid":{"rendered":"https:\/\/www.krusche-online.de\/blog\/?page_id=162"},"modified":"2016-04-14T19:58:04","modified_gmt":"2016-04-14T17:58:04","slug":"sulzbuerg","status":"publish","type":"page","link":"https:\/\/www.krusche-online.de\/blog\/heimat\/sulzbuerg\/","title":{"rendered":"Sulzb\u00fcrg"},"content":{"rendered":"<p>Das Gebiet um M\u00fchlhausen war bereits in der Steinzeit von Menschen besiedelt, wie einzelne Funde belegen. Ein Ringwall mit H\u00f6hensiedlungen der Bronzezeit, der Urnenfelder- und Hallstattzeit befand sich beispielsweise auf dem Schl\u00fcpfelberg.<\/p>\n<p>Zu r\u00f6mischer Zeit wurde die Besiedlung aufgegeben, denn der Limes war nur einen halben Tagesmarsch nach S\u00fcden hin entfernt und die Zeiten wurden zu unruhig. Aus der Zeit der V\u00f6lkerwanderung fehlen ebenfalls jegliche Befunde und setzen erst mit der karolingischen Zeit im 6. und 7. Jahrhundert sporadisch wieder ein.<\/p>\n<p>Der Ortsname M\u00fchlhausen kommt in Mitteleuropa mehrere Dutzend mal vor. Die erste urkundliche Erw\u00e4hnung geht auf das Jahr 900 n. Chr. zur\u00fcck. In einer Urkunde vom 26. Juli 900 n. Chr. wurden vom Bischof Tuto aus Regensburg Besitzungen zu Mulihusun gegen solche zu Thalm\u00e4ssig getauscht.<\/p>\n<p>M\u00fchlhausen geh\u00f6rte zur Reichsherrschaft Sulzb\u00fcrg. Mit dem Aussterben der von Wolfstein fiel die evangelisch gewordene Reichsherrschaft Sulzb\u00fcrg-Pyrbaum (und damit das Gebiet der heutigen Gemeinde M\u00fchlhausen) 1740\/68 mit allen Rechten an Kurbayern. Wiewohl die kurf\u00fcrstliche Administration die Rekatholisierung des \u201eLandls\u201c voranzubringen suchte, hielt die Bev\u00f6lkerung trotz mancher Repressalie am evangelisch-lutherischen Glauben fest. Die Herrschaft Sulzb\u00fcrg-Pyrbaum etablierte sich somit zum ersten protestantischen Gebiet Kurbayerns.<\/p>\n<p>(Quelle: Wikipedia)<\/p>\n<p>&nbsp;<\/p>\n<div id=\"metaslider-id-694\" style=\"max-width: 512px; margin: 0 auto;\" class=\"ml-slider-3-108-0 metaslider metaslider-flex metaslider-694 ml-slider has-dots-nav ms-theme-default\" role=\"region\" aria-label=\"Sulzbuerg\" data-height=\"512\" data-width=\"512\">\n    <div id=\"metaslider_container_694\">\n        <div id=\"metaslider_694\" class=\"flexslider\">\n            <ul class='slides'>\n                <li style=\"display: block; width: 100%;\" class=\"slide-695 ms-image \" aria-roledescription=\"slide\" data-date=\"2016-04-14 19:07:32\" data-filename=\"DSC_0064.jpg\" data-slide-type=\"image\"><img loading=\"lazy\" decoding=\"async\" width=\"1280\" height=\"850\" src=\"https:\/\/www.krusche-online.de\/blog\/wp-content\/uploads\/2016\/04\/DSC_0064.jpg\" class=\"slider-694 slide-695 msDefaultImage\" alt=\"\" rel=\"\" title=\"\" style=\"margin-top: 16.796875%\" srcset=\"https:\/\/www.krusche-online.de\/blog\/wp-content\/uploads\/2016\/04\/DSC_0064.jpg 1280w, https:\/\/www.krusche-online.de\/blog\/wp-content\/uploads\/2016\/04\/DSC_0064-300x199.jpg 300w, https:\/\/www.krusche-online.de\/blog\/wp-content\/uploads\/2016\/04\/DSC_0064-768x510.jpg 768w, https:\/\/www.krusche-online.de\/blog\/wp-content\/uploads\/2016\/04\/DSC_0064-1024x680.jpg 1024w, https:\/\/www.krusche-online.de\/blog\/wp-content\/uploads\/2016\/04\/DSC_0064-407x270.jpg 407w\" sizes=\"auto, (max-width: 1280px) 100vw, 1280px\" \/><\/li>\n                <li style=\"display: none; width: 100%;\" class=\"slide-696 ms-image \" aria-roledescription=\"slide\" data-date=\"2016-04-14 19:07:34\" data-filename=\"DSC_0065.jpg\" data-slide-type=\"image\"><img loading=\"lazy\" decoding=\"async\" width=\"680\" height=\"1024\" src=\"https:\/\/www.krusche-online.de\/blog\/wp-content\/uploads\/2016\/04\/DSC_0065.jpg\" class=\"slider-694 slide-696 msDefaultImage\" alt=\"\" rel=\"\" title=\"\" style=\"margin: 0 auto; width: 66.40625%\" srcset=\"https:\/\/www.krusche-online.de\/blog\/wp-content\/uploads\/2016\/04\/DSC_0065.jpg 680w, https:\/\/www.krusche-online.de\/blog\/wp-content\/uploads\/2016\/04\/DSC_0065-199x300.jpg 199w, https:\/\/www.krusche-online.de\/blog\/wp-content\/uploads\/2016\/04\/DSC_0065-179x270.jpg 179w\" sizes=\"auto, (max-width: 680px) 100vw, 680px\" \/><div class=\"caption-wrap\"><div class=\"caption\">Die Marktkirche<\/div><\/div><\/li>\n                <li style=\"display: none; width: 100%;\" class=\"slide-697 ms-image \" aria-roledescription=\"slide\" data-date=\"2016-04-14 19:07:35\" data-filename=\"DSC_0068.jpg\" data-slide-type=\"image\"><img loading=\"lazy\" decoding=\"async\" width=\"1280\" height=\"850\" src=\"https:\/\/www.krusche-online.de\/blog\/wp-content\/uploads\/2016\/04\/DSC_0068.jpg\" class=\"slider-694 slide-697 msDefaultImage\" alt=\"\" rel=\"\" title=\"\" style=\"margin-top: 16.796875%\" srcset=\"https:\/\/www.krusche-online.de\/blog\/wp-content\/uploads\/2016\/04\/DSC_0068.jpg 1280w, https:\/\/www.krusche-online.de\/blog\/wp-content\/uploads\/2016\/04\/DSC_0068-300x199.jpg 300w, https:\/\/www.krusche-online.de\/blog\/wp-content\/uploads\/2016\/04\/DSC_0068-768x510.jpg 768w, https:\/\/www.krusche-online.de\/blog\/wp-content\/uploads\/2016\/04\/DSC_0068-1024x680.jpg 1024w, https:\/\/www.krusche-online.de\/blog\/wp-content\/uploads\/2016\/04\/DSC_0068-407x270.jpg 407w\" sizes=\"auto, (max-width: 1280px) 100vw, 1280px\" \/><div class=\"caption-wrap\"><div class=\"caption\">Eingang zum j\u00fcdischen Friedhof<\/div><\/div><\/li>\n                <li style=\"display: none; width: 100%;\" class=\"slide-698 ms-image \" aria-roledescription=\"slide\" data-date=\"2016-04-14 19:07:36\" data-filename=\"DSC_0069.jpg\" data-slide-type=\"image\"><img loading=\"lazy\" decoding=\"async\" width=\"1280\" height=\"850\" src=\"https:\/\/www.krusche-online.de\/blog\/wp-content\/uploads\/2016\/04\/DSC_0069.jpg\" class=\"slider-694 slide-698 msDefaultImage\" alt=\"\" rel=\"\" title=\"\" style=\"margin-top: 16.796875%\" srcset=\"https:\/\/www.krusche-online.de\/blog\/wp-content\/uploads\/2016\/04\/DSC_0069.jpg 1280w, https:\/\/www.krusche-online.de\/blog\/wp-content\/uploads\/2016\/04\/DSC_0069-300x199.jpg 300w, https:\/\/www.krusche-online.de\/blog\/wp-content\/uploads\/2016\/04\/DSC_0069-768x510.jpg 768w, https:\/\/www.krusche-online.de\/blog\/wp-content\/uploads\/2016\/04\/DSC_0069-1024x680.jpg 1024w, https:\/\/www.krusche-online.de\/blog\/wp-content\/uploads\/2016\/04\/DSC_0069-407x270.jpg 407w\" sizes=\"auto, (max-width: 1280px) 100vw, 1280px\" \/><div class=\"caption-wrap\"><div class=\"caption\">Der j\u00fcdische Friedhof<\/div><\/div><\/li>\n                <li style=\"display: none; width: 100%;\" class=\"slide-699 ms-image \" aria-roledescription=\"slide\" data-date=\"2016-04-14 19:07:38\" data-filename=\"IMG_0260.jpg\" data-slide-type=\"image\"><img loading=\"lazy\" decoding=\"async\" width=\"1280\" height=\"960\" src=\"https:\/\/www.krusche-online.de\/blog\/wp-content\/uploads\/2016\/04\/IMG_0260.jpg\" class=\"slider-694 slide-699 msDefaultImage\" alt=\"\" rel=\"\" title=\"\" style=\"margin-top: 12.5%\" srcset=\"https:\/\/www.krusche-online.de\/blog\/wp-content\/uploads\/2016\/04\/IMG_0260.jpg 1280w, https:\/\/www.krusche-online.de\/blog\/wp-content\/uploads\/2016\/04\/IMG_0260-300x225.jpg 300w, https:\/\/www.krusche-online.de\/blog\/wp-content\/uploads\/2016\/04\/IMG_0260-768x576.jpg 768w, https:\/\/www.krusche-online.de\/blog\/wp-content\/uploads\/2016\/04\/IMG_0260-1024x768.jpg 1024w, https:\/\/www.krusche-online.de\/blog\/wp-content\/uploads\/2016\/04\/IMG_0260-360x270.jpg 360w\" sizes=\"auto, (max-width: 1280px) 100vw, 1280px\" \/><\/li>\n                <li style=\"display: none; width: 100%;\" class=\"slide-700 ms-image \" aria-roledescription=\"slide\" data-date=\"2016-04-14 19:07:39\" data-filename=\"IMG_0261.jpg\" data-slide-type=\"image\"><img loading=\"lazy\" decoding=\"async\" width=\"1280\" height=\"960\" src=\"https:\/\/www.krusche-online.de\/blog\/wp-content\/uploads\/2016\/04\/IMG_0261.jpg\" class=\"slider-694 slide-700 msDefaultImage\" alt=\"\" rel=\"\" title=\"\" style=\"margin-top: 12.5%\" srcset=\"https:\/\/www.krusche-online.de\/blog\/wp-content\/uploads\/2016\/04\/IMG_0261.jpg 1280w, https:\/\/www.krusche-online.de\/blog\/wp-content\/uploads\/2016\/04\/IMG_0261-300x225.jpg 300w, https:\/\/www.krusche-online.de\/blog\/wp-content\/uploads\/2016\/04\/IMG_0261-768x576.jpg 768w, https:\/\/www.krusche-online.de\/blog\/wp-content\/uploads\/2016\/04\/IMG_0261-1024x768.jpg 1024w, https:\/\/www.krusche-online.de\/blog\/wp-content\/uploads\/2016\/04\/IMG_0261-360x270.jpg 360w\" sizes=\"auto, (max-width: 1280px) 100vw, 1280px\" \/><\/li>\n                <li style=\"display: none; width: 100%;\" class=\"slide-701 ms-image \" aria-roledescription=\"slide\" data-date=\"2016-04-14 19:07:41\" data-filename=\"IMG_2327.jpg\" data-slide-type=\"image\"><img loading=\"lazy\" decoding=\"async\" width=\"1280\" height=\"960\" src=\"https:\/\/www.krusche-online.de\/blog\/wp-content\/uploads\/2016\/04\/IMG_2327.jpg\" class=\"slider-694 slide-701 msDefaultImage\" alt=\"\" rel=\"\" title=\"\" style=\"margin-top: 12.5%\" srcset=\"https:\/\/www.krusche-online.de\/blog\/wp-content\/uploads\/2016\/04\/IMG_2327.jpg 1280w, https:\/\/www.krusche-online.de\/blog\/wp-content\/uploads\/2016\/04\/IMG_2327-300x225.jpg 300w, https:\/\/www.krusche-online.de\/blog\/wp-content\/uploads\/2016\/04\/IMG_2327-768x576.jpg 768w, https:\/\/www.krusche-online.de\/blog\/wp-content\/uploads\/2016\/04\/IMG_2327-1024x768.jpg 1024w, https:\/\/www.krusche-online.de\/blog\/wp-content\/uploads\/2016\/04\/IMG_2327-360x270.jpg 360w\" sizes=\"auto, (max-width: 1280px) 100vw, 1280px\" \/><\/li>\n                <li style=\"display: none; width: 100%;\" class=\"slide-702 ms-image \" aria-roledescription=\"slide\" data-date=\"2016-04-14 19:07:42\" data-filename=\"IMG_2330.jpg\" data-slide-type=\"image\"><img loading=\"lazy\" decoding=\"async\" width=\"1280\" height=\"960\" src=\"https:\/\/www.krusche-online.de\/blog\/wp-content\/uploads\/2016\/04\/IMG_2330.jpg\" class=\"slider-694 slide-702 msDefaultImage\" alt=\"\" rel=\"\" title=\"\" style=\"margin-top: 12.5%\" srcset=\"https:\/\/www.krusche-online.de\/blog\/wp-content\/uploads\/2016\/04\/IMG_2330.jpg 1280w, https:\/\/www.krusche-online.de\/blog\/wp-content\/uploads\/2016\/04\/IMG_2330-300x225.jpg 300w, https:\/\/www.krusche-online.de\/blog\/wp-content\/uploads\/2016\/04\/IMG_2330-768x576.jpg 768w, https:\/\/www.krusche-online.de\/blog\/wp-content\/uploads\/2016\/04\/IMG_2330-1024x768.jpg 1024w, https:\/\/www.krusche-online.de\/blog\/wp-content\/uploads\/2016\/04\/IMG_2330-360x270.jpg 360w\" sizes=\"auto, (max-width: 1280px) 100vw, 1280px\" \/><\/li>\n                <li style=\"display: none; width: 100%;\" class=\"slide-703 ms-image \" aria-roledescription=\"slide\" data-date=\"2016-04-14 19:07:44\" data-filename=\"img014.jpg\" data-slide-type=\"image\"><img loading=\"lazy\" decoding=\"async\" width=\"1228\" height=\"1024\" src=\"https:\/\/www.krusche-online.de\/blog\/wp-content\/uploads\/2016\/04\/img014.jpg\" class=\"slider-694 slide-703 msDefaultImage\" alt=\"\" rel=\"\" title=\"\" style=\"margin-top: 8.3061889250814%\" srcset=\"https:\/\/www.krusche-online.de\/blog\/wp-content\/uploads\/2016\/04\/img014.jpg 1228w, https:\/\/www.krusche-online.de\/blog\/wp-content\/uploads\/2016\/04\/img014-300x250.jpg 300w, https:\/\/www.krusche-online.de\/blog\/wp-content\/uploads\/2016\/04\/img014-768x640.jpg 768w, https:\/\/www.krusche-online.de\/blog\/wp-content\/uploads\/2016\/04\/img014-1024x854.jpg 1024w, https:\/\/www.krusche-online.de\/blog\/wp-content\/uploads\/2016\/04\/img014-324x270.jpg 324w\" sizes=\"auto, (max-width: 1228px) 100vw, 1228px\" \/><\/li>\n                <li style=\"display: none; width: 100%;\" class=\"slide-704 ms-image \" aria-roledescription=\"slide\" data-date=\"2016-04-14 19:07:45\" data-filename=\"img019.jpg\" data-slide-type=\"image\"><img loading=\"lazy\" decoding=\"async\" width=\"1256\" height=\"1024\" src=\"https:\/\/www.krusche-online.de\/blog\/wp-content\/uploads\/2016\/04\/img019.jpg\" class=\"slider-694 slide-704 msDefaultImage\" alt=\"\" rel=\"\" title=\"\" style=\"margin-top: 9.2356687898089%\" srcset=\"https:\/\/www.krusche-online.de\/blog\/wp-content\/uploads\/2016\/04\/img019.jpg 1256w, https:\/\/www.krusche-online.de\/blog\/wp-content\/uploads\/2016\/04\/img019-300x245.jpg 300w, https:\/\/www.krusche-online.de\/blog\/wp-content\/uploads\/2016\/04\/img019-768x626.jpg 768w, https:\/\/www.krusche-online.de\/blog\/wp-content\/uploads\/2016\/04\/img019-1024x835.jpg 1024w, https:\/\/www.krusche-online.de\/blog\/wp-content\/uploads\/2016\/04\/img019-331x270.jpg 331w\" sizes=\"auto, (max-width: 1256px) 100vw, 1256px\" \/><\/li>\n                <li style=\"display: none; width: 100%;\" class=\"slide-705 ms-image \" aria-roledescription=\"slide\" data-date=\"2016-04-14 19:07:47\" data-filename=\"img030.jpg\" data-slide-type=\"image\"><img loading=\"lazy\" decoding=\"async\" width=\"1280\" height=\"888\" src=\"https:\/\/www.krusche-online.de\/blog\/wp-content\/uploads\/2016\/04\/img030.jpg\" class=\"slider-694 slide-705 msDefaultImage\" alt=\"\" rel=\"\" title=\"\" style=\"margin-top: 15.3125%\" srcset=\"https:\/\/www.krusche-online.de\/blog\/wp-content\/uploads\/2016\/04\/img030.jpg 1280w, https:\/\/www.krusche-online.de\/blog\/wp-content\/uploads\/2016\/04\/img030-300x208.jpg 300w, https:\/\/www.krusche-online.de\/blog\/wp-content\/uploads\/2016\/04\/img030-768x533.jpg 768w, https:\/\/www.krusche-online.de\/blog\/wp-content\/uploads\/2016\/04\/img030-1024x710.jpg 1024w, https:\/\/www.krusche-online.de\/blog\/wp-content\/uploads\/2016\/04\/img030-389x270.jpg 389w\" sizes=\"auto, (max-width: 1280px) 100vw, 1280px\" \/><div class=\"caption-wrap\"><div class=\"caption\">Das ehemalige Schloss Obersulzb\u00fcrg<\/div><\/div><\/li>\n                <li style=\"display: none; width: 100%;\" class=\"slide-706 ms-image \" aria-roledescription=\"slide\" data-date=\"2016-04-14 19:07:48\" data-filename=\"Scan0341.jpg\" data-slide-type=\"image\"><img loading=\"lazy\" decoding=\"async\" width=\"683\" height=\"1024\" src=\"https:\/\/www.krusche-online.de\/blog\/wp-content\/uploads\/2016\/04\/Scan0341.jpg\" class=\"slider-694 slide-706 msDefaultImage\" alt=\"\" rel=\"\" title=\"\" style=\"margin: 0 auto; width: 66.69921875%\" srcset=\"https:\/\/www.krusche-online.de\/blog\/wp-content\/uploads\/2016\/04\/Scan0341.jpg 683w, https:\/\/www.krusche-online.de\/blog\/wp-content\/uploads\/2016\/04\/Scan0341-200x300.jpg 200w, https:\/\/www.krusche-online.de\/blog\/wp-content\/uploads\/2016\/04\/Scan0341-180x270.jpg 180w\" sizes=\"auto, (max-width: 683px) 100vw, 683px\" \/><\/li>\n                <li style=\"display: none; width: 100%;\" class=\"slide-707 ms-image \" aria-roledescription=\"slide\" data-date=\"2016-04-14 19:07:49\" data-filename=\"Scan0343.jpg\" data-slide-type=\"image\"><img loading=\"lazy\" decoding=\"async\" width=\"1280\" height=\"825\" src=\"https:\/\/www.krusche-online.de\/blog\/wp-content\/uploads\/2016\/04\/Scan0343.jpg\" class=\"slider-694 slide-707 msDefaultImage\" alt=\"\" rel=\"\" title=\"\" style=\"margin-top: 17.7734375%\" srcset=\"https:\/\/www.krusche-online.de\/blog\/wp-content\/uploads\/2016\/04\/Scan0343.jpg 1280w, https:\/\/www.krusche-online.de\/blog\/wp-content\/uploads\/2016\/04\/Scan0343-300x193.jpg 300w, https:\/\/www.krusche-online.de\/blog\/wp-content\/uploads\/2016\/04\/Scan0343-768x495.jpg 768w, https:\/\/www.krusche-online.de\/blog\/wp-content\/uploads\/2016\/04\/Scan0343-1024x660.jpg 1024w, https:\/\/www.krusche-online.de\/blog\/wp-content\/uploads\/2016\/04\/Scan0343-419x270.jpg 419w\" sizes=\"auto, (max-width: 1280px) 100vw, 1280px\" \/><div class=\"caption-wrap\"><div class=\"caption\">Die beiden Kirchen auf dem Schlo\u00dfberg<\/div><\/div><\/li>\n                <li style=\"display: none; width: 100%;\" class=\"slide-708 ms-image \" aria-roledescription=\"slide\" data-date=\"2016-04-14 19:07:50\" data-filename=\"Scan0344.jpg\" data-slide-type=\"image\"><img loading=\"lazy\" decoding=\"async\" width=\"683\" height=\"1024\" src=\"https:\/\/www.krusche-online.de\/blog\/wp-content\/uploads\/2016\/04\/Scan0344.jpg\" class=\"slider-694 slide-708 msDefaultImage\" alt=\"\" rel=\"\" title=\"\" style=\"margin: 0 auto; width: 66.69921875%\" srcset=\"https:\/\/www.krusche-online.de\/blog\/wp-content\/uploads\/2016\/04\/Scan0344.jpg 683w, https:\/\/www.krusche-online.de\/blog\/wp-content\/uploads\/2016\/04\/Scan0344-200x300.jpg 200w, https:\/\/www.krusche-online.de\/blog\/wp-content\/uploads\/2016\/04\/Scan0344-180x270.jpg 180w\" sizes=\"auto, (max-width: 683px) 100vw, 683px\" \/><div class=\"caption-wrap\"><div class=\"caption\">Blick \u00fcber Kruppach<\/div><\/div><\/li>\n                <li style=\"display: none; width: 100%;\" class=\"slide-709 ms-image \" aria-roledescription=\"slide\" data-date=\"2016-04-14 19:07:51\" data-filename=\"Scan0354.jpg\" data-slide-type=\"image\"><img loading=\"lazy\" decoding=\"async\" width=\"683\" height=\"1024\" src=\"https:\/\/www.krusche-online.de\/blog\/wp-content\/uploads\/2016\/04\/Scan0354.jpg\" class=\"slider-694 slide-709 msDefaultImage\" alt=\"\" rel=\"\" title=\"\" style=\"margin: 0 auto; width: 66.69921875%\" srcset=\"https:\/\/www.krusche-online.de\/blog\/wp-content\/uploads\/2016\/04\/Scan0354.jpg 683w, https:\/\/www.krusche-online.de\/blog\/wp-content\/uploads\/2016\/04\/Scan0354-200x300.jpg 200w, https:\/\/www.krusche-online.de\/blog\/wp-content\/uploads\/2016\/04\/Scan0354-180x270.jpg 180w\" sizes=\"auto, (max-width: 683px) 100vw, 683px\" \/><\/li>\n                <li style=\"display: none; width: 100%;\" class=\"slide-710 ms-image \" aria-roledescription=\"slide\" data-date=\"2016-04-14 19:07:52\" data-filename=\"Scan0365.jpg\" data-slide-type=\"image\"><img loading=\"lazy\" decoding=\"async\" width=\"683\" height=\"1024\" src=\"https:\/\/www.krusche-online.de\/blog\/wp-content\/uploads\/2016\/04\/Scan0365.jpg\" class=\"slider-694 slide-710 msDefaultImage\" alt=\"\" rel=\"\" title=\"\" style=\"margin: 0 auto; width: 66.69921875%\" srcset=\"https:\/\/www.krusche-online.de\/blog\/wp-content\/uploads\/2016\/04\/Scan0365.jpg 683w, https:\/\/www.krusche-online.de\/blog\/wp-content\/uploads\/2016\/04\/Scan0365-200x300.jpg 200w, https:\/\/www.krusche-online.de\/blog\/wp-content\/uploads\/2016\/04\/Scan0365-180x270.jpg 180w\" sizes=\"auto, (max-width: 683px) 100vw, 683px\" \/><\/li>\n                <li style=\"display: none; width: 100%;\" class=\"slide-711 ms-image \" aria-roledescription=\"slide\" data-date=\"2016-04-14 19:07:53\" data-filename=\"Scan0366.jpg\" data-slide-type=\"image\"><img loading=\"lazy\" decoding=\"async\" width=\"683\" height=\"1024\" src=\"https:\/\/www.krusche-online.de\/blog\/wp-content\/uploads\/2016\/04\/Scan0366.jpg\" class=\"slider-694 slide-711 msDefaultImage\" alt=\"\" rel=\"\" title=\"\" style=\"margin: 0 auto; width: 66.69921875%\" srcset=\"https:\/\/www.krusche-online.de\/blog\/wp-content\/uploads\/2016\/04\/Scan0366.jpg 683w, https:\/\/www.krusche-online.de\/blog\/wp-content\/uploads\/2016\/04\/Scan0366-200x300.jpg 200w, https:\/\/www.krusche-online.de\/blog\/wp-content\/uploads\/2016\/04\/Scan0366-180x270.jpg 180w\" sizes=\"auto, (max-width: 683px) 100vw, 683px\" \/><\/li>\n                <li style=\"display: none; width: 100%;\" class=\"slide-712 ms-image \" aria-roledescription=\"slide\" data-date=\"2016-04-14 19:07:54\" data-filename=\"Scan0388.jpg\" data-slide-type=\"image\"><img loading=\"lazy\" decoding=\"async\" width=\"1280\" height=\"825\" src=\"https:\/\/www.krusche-online.de\/blog\/wp-content\/uploads\/2016\/04\/Scan0388.jpg\" class=\"slider-694 slide-712 msDefaultImage\" alt=\"\" rel=\"\" title=\"\" style=\"margin-top: 17.7734375%\" srcset=\"https:\/\/www.krusche-online.de\/blog\/wp-content\/uploads\/2016\/04\/Scan0388.jpg 1280w, https:\/\/www.krusche-online.de\/blog\/wp-content\/uploads\/2016\/04\/Scan0388-300x193.jpg 300w, https:\/\/www.krusche-online.de\/blog\/wp-content\/uploads\/2016\/04\/Scan0388-768x495.jpg 768w, https:\/\/www.krusche-online.de\/blog\/wp-content\/uploads\/2016\/04\/Scan0388-1024x660.jpg 1024w, https:\/\/www.krusche-online.de\/blog\/wp-content\/uploads\/2016\/04\/Scan0388-419x270.jpg 419w\" sizes=\"auto, (max-width: 1280px) 100vw, 1280px\" \/><\/li>\n                <li style=\"display: none; width: 100%;\" class=\"slide-713 ms-image \" aria-roledescription=\"slide\" data-date=\"2016-04-14 19:07:55\" data-filename=\"Scan0393.jpg\" data-slide-type=\"image\"><img loading=\"lazy\" decoding=\"async\" width=\"683\" height=\"1024\" src=\"https:\/\/www.krusche-online.de\/blog\/wp-content\/uploads\/2016\/04\/Scan0393.jpg\" class=\"slider-694 slide-713 msDefaultImage\" alt=\"\" rel=\"\" title=\"\" style=\"margin: 0 auto; width: 66.69921875%\" srcset=\"https:\/\/www.krusche-online.de\/blog\/wp-content\/uploads\/2016\/04\/Scan0393.jpg 683w, https:\/\/www.krusche-online.de\/blog\/wp-content\/uploads\/2016\/04\/Scan0393-200x300.jpg 200w, https:\/\/www.krusche-online.de\/blog\/wp-content\/uploads\/2016\/04\/Scan0393-180x270.jpg 180w\" sizes=\"auto, (max-width: 683px) 100vw, 683px\" \/><div class=\"caption-wrap\"><div class=\"caption\">Winterstimmung<\/div><\/div><\/li>\n            <\/ul>\n        <\/div>\n        \n    <\/div>\n<\/div>\n","protected":false},"excerpt":{"rendered":"<p>Das Gebiet um M\u00fchlhausen war bereits in der Steinzeit von Menschen besiedelt, wie einzelne Funde belegen. Ein Ringwall mit H\u00f6hensiedlungen<\/p>\n","protected":false},"author":1,"featured_media":0,"parent":41,"menu_order":0,"comment_status":"closed","ping_status":"closed","template":"","meta":{"colormag_page_container_layout":"default_layout","colormag_page_sidebar_layout":"default_layout","footnotes":""},"class_list":["post-162","page","type-page","status-publish","hentry"],"_links":{"self":[{"href":"https:\/\/www.krusche-online.de\/blog\/wp-json\/wp\/v2\/pages\/162","targetHints":{"allow":["GET"]}}],"collection":[{"href":"https:\/\/www.krusche-online.de\/blog\/wp-json\/wp\/v2\/pages"}],"about":[{"href":"https:\/\/www.krusche-online.de\/blog\/wp-json\/wp\/v2\/types\/page"}],"author":[{"embeddable":true,"href":"https:\/\/www.krusche-online.de\/blog\/wp-json\/wp\/v2\/users\/1"}],"replies":[{"embeddable":true,"href":"https:\/\/www.krusche-online.de\/blog\/wp-json\/wp\/v2\/comments?post=162"}],"version-history":[{"count":0,"href":"https:\/\/www.krusche-online.de\/blog\/wp-json\/wp\/v2\/pages\/162\/revisions"}],"up":[{"embeddable":true,"href":"https:\/\/www.krusche-online.de\/blog\/wp-json\/wp\/v2\/pages\/41"}],"wp:attachment":[{"href":"https:\/\/www.krusche-online.de\/blog\/wp-json\/wp\/v2\/media?parent=162"}],"curies":[{"name":"wp","href":"https:\/\/api.w.org\/{rel}","templated":true}]}}