{"id":27,"date":"2016-04-01T22:27:35","date_gmt":"2016-04-01T20:27:35","guid":{"rendered":"http:\/\/www.krusche-online.de\/wordpress\/?page_id=27"},"modified":"2023-07-02T19:08:13","modified_gmt":"2023-07-02T17:08:13","slug":"ueber-mich","status":"publish","type":"page","link":"https:\/\/www.krusche-online.de\/blog\/","title":{"rendered":"Stefan"},"content":{"rendered":"<p><img loading=\"lazy\" decoding=\"async\" class=\"size-medium wp-image-496 alignleft\" src=\"https:\/\/www.krusche-online.de\/blog\/wp-content\/uploads\/2016\/04\/stefan_med-262x300.jpg\" alt=\"stefan_med\" width=\"262\" height=\"300\" srcset=\"https:\/\/www.krusche-online.de\/blog\/wp-content\/uploads\/2016\/04\/stefan_med-262x300.jpg 262w, https:\/\/www.krusche-online.de\/blog\/wp-content\/uploads\/2016\/04\/stefan_med.jpg 269w\" sizes=\"auto, (max-width: 262px) 100vw, 262px\" \/><\/p>\n<p>W\u00e4hrend meiner Zivildienstzeit entdeckte ich meine Freude am Umgang mit Menschen, im Speziellen im sozialen Bereich.<\/p>\n<p>Somit war f\u00fcr mich schnell klar, dass ich meinen Studienwunsch ad acta lege und eine Ausbildung zum Krankenpfleger absolviere. Nach der Ausbildung fand ich einen Arbeitsplatz beim <a href=\"http:\/\/www.diakonie-ahn.de\" target=\"_blank\" rel=\"noopener\">Diakonischen Werk Neumarkt<\/a>, wo ich von 1994 bis 2010 arbeitete.<\/p>\n<p>Zwischen 1997 und 2000 absolvierte ich eine Weiterbildung zur Pflegedienstleitung und anschlie\u00dfend zum Heimleiter mit Sozialmanagement.<\/p>\n<p>Von 2003 bis Anfang 2010 f\u00fchrte ich nebenberuflich gerichtlich angeordnete Betreuungen f\u00fcr Menschen, die ihr Leben nicht mehr selbst oder ohne Hilfe meistern k\u00f6nnen.<\/p>\n<p>Seit April 2010 habe ich meinen bisherigen Nebenberuf ausgeweitet und k\u00fcmmere mich nun hauptberuflich um Betreute.<\/p>\n<p>Zur Vertiefung meiner Kenntnisse habe ich Public management mit Schwerpunkt Betreuung und Vormundschaft an der Steinbeis-Hochschule in Berlin studiert.<\/p>\n<h6><span style=\"text-decoration: underline; color: #000000;\">Schulzeit<\/span><\/h6>\n<p>Volksschule, Hauptschule, Gymnasium in Neumarkt\/OPf.<\/p>\n<h6><span style=\"text-decoration: underline;\"><span style=\"color: #000000; text-decoration: underline;\">Ausbildung<\/span><\/span><\/h6>\n<p>Krankenpfleger an den Krankenpflegeschulen Neumarkt\/OPf. und Eggenfelden\/Ndby. mit Praktikum an der Landesnervenklinik Salzburg<\/p>\n<h6><span style=\"text-decoration: underline;\">Weiterbildung<\/span><\/h6>\n<p>Pflegedienstleitung und Heimleitung\/Sozialmanagement in N\u00fcrnberg<\/p>\n<h6><span style=\"text-decoration: underline;\">Studium<\/span><\/h6>\n<p>B.A. Public Management an der Steinbeis-Hochschule Berlin<\/p>\n<h6><span style=\"text-decoration: underline;\">Berufliche T\u00e4tigkeit<\/span><\/h6>\n<p>Selbst\u00e4ndiger Berufsbetreuer f\u00fcr gerichtlich bestellte Betreuungen<br \/>\nVerfahrenspfleger Werdenfelser Weg<\/p>\n","protected":false},"excerpt":{"rendered":"<p>W\u00e4hrend meiner Zivildienstzeit entdeckte ich meine Freude am Umgang mit Menschen, im Speziellen im sozialen Bereich. Somit war f\u00fcr mich<\/p>\n","protected":false},"author":1,"featured_media":0,"parent":0,"menu_order":1,"comment_status":"closed","ping_status":"closed","template":"","meta":{"colormag_page_container_layout":"default_layout","colormag_page_sidebar_layout":"default_layout","footnotes":""},"class_list":["post-27","page","type-page","status-publish","hentry"],"_links":{"self":[{"href":"https:\/\/www.krusche-online.de\/blog\/wp-json\/wp\/v2\/pages\/27","targetHints":{"allow":["GET"]}}],"collection":[{"href":"https:\/\/www.krusche-online.de\/blog\/wp-json\/wp\/v2\/pages"}],"about":[{"href":"https:\/\/www.krusche-online.de\/blog\/wp-json\/wp\/v2\/types\/page"}],"author":[{"embeddable":true,"href":"https:\/\/www.krusche-online.de\/blog\/wp-json\/wp\/v2\/users\/1"}],"replies":[{"embeddable":true,"href":"https:\/\/www.krusche-online.de\/blog\/wp-json\/wp\/v2\/comments?post=27"}],"version-history":[{"count":1,"href":"https:\/\/www.krusche-online.de\/blog\/wp-json\/wp\/v2\/pages\/27\/revisions"}],"predecessor-version":[{"id":1741,"href":"https:\/\/www.krusche-online.de\/blog\/wp-json\/wp\/v2\/pages\/27\/revisions\/1741"}],"wp:attachment":[{"href":"https:\/\/www.krusche-online.de\/blog\/wp-json\/wp\/v2\/media?parent=27"}],"curies":[{"name":"wp","href":"https:\/\/api.w.org\/{rel}","templated":true}]}}

<p><img loading="lazy" decoding="async" class="size-medium wp-image-496 alignleft" src="https://www.krusche-online.de/blog/wp-content/uploads/2016/04/stefan_med-262x300.jpg" alt="stefan_med" width="262" height="300" srcset="https://www.krusche-online.de/blog/wp-content/uploads/2016/04/stefan_med-262x300.jpg 262w, https://www.krusche-online.de/blog/wp-content/uploads/2016/04/stefan_med.jpg 269w" sizes="auto, (max-width: 262px) 100vw, 262px" /></p>
<p>Während meiner Zivildienstzeit entdeckte ich meine Freude am Umgang mit Menschen, im Speziellen im sozialen Bereich.</p>
<p>Somit war für mich schnell klar, dass ich meinen Studienwunsch ad acta lege und eine Ausbildung zum Krankenpfleger absolviere. Nach der Ausbildung fand ich einen Arbeitsplatz beim <a href="http://www.diakonie-ahn.de" target="_blank" rel="noopener">Diakonischen Werk Neumarkt</a>, wo ich von 1994 bis 2010 arbeitete.</p>
<p>Zwischen 1997 und 2000 absolvierte ich eine Weiterbildung zur Pflegedienstleitung und anschließend zum Heimleiter mit Sozialmanagement.</p>
<p>Von 2003 bis Anfang 2010 führte ich nebenberuflich gerichtlich angeordnete Betreuungen für Menschen, die ihr Leben nicht mehr selbst oder ohne Hilfe meistern können.</p>
<p>Seit April 2010 habe ich meinen bisherigen Nebenberuf ausgeweitet und kümmere mich nun hauptberuflich um Betreute.</p>
<p>Zur Vertiefung meiner Kenntnisse habe ich Public management mit Schwerpunkt Betreuung und Vormundschaft an der Steinbeis-Hochschule in Berlin studiert.</p>
<h6><span style="text-decoration: underline; color: #000000;">Schulzeit</span></h6>
<p>Volksschule, Hauptschule, Gymnasium in Neumarkt/OPf.</p>
<h6><span style="text-decoration: underline;"><span style="color: #000000; text-decoration: underline;">Ausbildung</span></span></h6>
<p>Krankenpfleger an den Krankenpflegeschulen Neumarkt/OPf. und Eggenfelden/Ndby. mit Praktikum an der Landesnervenklinik Salzburg</p>
<h6><span style="text-decoration: underline;">Weiterbildung</span></h6>
<p>Pflegedienstleitung und Heimleitung/Sozialmanagement in Nürnberg</p>
<h6><span style="text-decoration: underline;">Studium</span></h6>
<p>B.A. Public Management an der Steinbeis-Hochschule Berlin</p>
<h6><span style="text-decoration: underline;">Berufliche Tätigkeit</span></h6>
<p>Selbständiger Berufsbetreuer für gerichtlich bestellte Betreuungen<br />
Verfahrenspfleger Werdenfelser Weg</p>

<p>Während meiner Zivildienstzeit entdeckte ich meine Freude am Umgang mit Menschen, im Speziellen im sozialen Bereich. Somit war für mich</p>
