{"id":5,"date":"2018-05-28T20:38:10","date_gmt":"2018-05-28T18:38:10","guid":{"rendered":"https:\/\/www.krusche-online.de\/buero\/?page_id=5"},"modified":"2020-08-27T18:53:03","modified_gmt":"2020-08-27T16:53:03","slug":"zur-person","status":"publish","type":"page","link":"https:\/\/www.krusche-online.de\/buero\/","title":{"rendered":"Zur Person"},"content":{"rendered":"<p class=\"paragraph_style\"><img loading=\"lazy\" decoding=\"async\" class=\" wp-image-6 alignleft\" src=\"https:\/\/www.krusche-online.de\/buero\/wp-content\/uploads\/2018\/05\/g-026ok-200x300.jpg\" alt=\"\" width=\"231\" height=\"347\" srcset=\"https:\/\/www.krusche-online.de\/buero\/wp-content\/uploads\/2018\/05\/g-026ok-200x300.jpg 200w, https:\/\/www.krusche-online.de\/buero\/wp-content\/uploads\/2018\/05\/g-026ok-768x1152.jpg 768w, https:\/\/www.krusche-online.de\/buero\/wp-content\/uploads\/2018\/05\/g-026ok-683x1024.jpg 683w\" sizes=\"auto, (max-width: 231px) 100vw, 231px\" \/><\/p>\n<p>W\u00e4hrend meiner Zivildienstzeit entdeckte ich meine Freude am Umgang mit Menschen, im Speziellen im sozialen Bereich. Daher absolvierte ich anschliessend eine Ausbildung zum Krankenpfleger.<\/p>\n<p>Nach der Ausbildung fand ich einen Arbeitsplatz bei einem gro\u00dfen Tr\u00e4ger sozialer Einrichtungen. &nbsp;Dort arbeitete ich von 1994 bis 2010 in der ambulanten und station\u00e4ren Altenpflege.<\/p>\n<p>Zwischen 1997 und 2000 absolvierte ich Weiterbildungen zur Pflegedienstleitung, Heimleitung und Sozialmanagement.<\/p>\n<p>Ab 2003 f\u00fchrte ich nebenberuflich gerichtlich angeordnete Betreuungen.&nbsp;Seit 2010 bin ich ausschliesslich als Berufsbetreuer im eigenen B\u00fcro t\u00e4tig.<\/p>\n<p>&nbsp;<\/p>\n<p>&nbsp;<\/p>\n<p>Qualifikationen und Erfahrungen:<\/p>\n<ul>\n<li>Ausbildung zum Krankenpfleger<\/li>\n<li>Weiterbildungen zur Pflegedienstleitung, Heimleitung und Sozialmanagement<\/li>\n<li>Studium Public Management (B.A.) mit Schwerpunkt Betreuung und Vormundschaft<\/li>\n<li>Fortbildung zum Verfahrenspfleger Werdenfelser Weg<\/li>\n<li>langj\u00e4hrige T\u00e4tigkeit in der Altenpflege in Leitungsfunktion<\/li>\n<li>seit 2003 als Berufsbetreuer t\u00e4tig<\/li>\n<li>Mitglied im Bundesverband der Berufsbetreuer\/innen e.V.<\/li>\n<li>Mitglied im BdB-Qualit\u00e4tsregister seit 08\/2020<a href=\"https:\/\/www.bdb-qr.de\" target=\"_blank\" rel=\"noopener noreferrer\"><img loading=\"lazy\" decoding=\"async\" class=\"alignright wp-image-60 size-medium\" src=\"https:\/\/www.krusche-online.de\/buero\/wp-content\/uploads\/2020\/08\/QR-Logo-300x232.jpg\" alt=\"\" width=\"300\" height=\"232\" srcset=\"https:\/\/www.krusche-online.de\/buero\/wp-content\/uploads\/2020\/08\/QR-Logo-300x232.jpg 300w, https:\/\/www.krusche-online.de\/buero\/wp-content\/uploads\/2020\/08\/QR-Logo.jpg 666w\" sizes=\"auto, (max-width: 300px) 100vw, 300px\" \/><\/a><\/li>\n<\/ul>\n","protected":false},"excerpt":{"rendered":"<p>W\u00e4hrend meiner Zivildienstzeit entdeckte ich meine Freude am Umgang mit Menschen, im Speziellen im sozialen Bereich. Daher absolvierte ich anschliessend<\/p>\n","protected":false},"author":1,"featured_media":0,"parent":0,"menu_order":1,"comment_status":"closed","ping_status":"closed","template":"","meta":{"colormag_page_container_layout":"no_sidebar_content_centered","colormag_page_sidebar_layout":"no_sidebar","footnotes":""},"class_list":["post-5","page","type-page","status-publish","hentry"],"_links":{"self":[{"href":"https:\/\/www.krusche-online.de\/buero\/wp-json\/wp\/v2\/pages\/5","targetHints":{"allow":["GET"]}}],"collection":[{"href":"https:\/\/www.krusche-online.de\/buero\/wp-json\/wp\/v2\/pages"}],"about":[{"href":"https:\/\/www.krusche-online.de\/buero\/wp-json\/wp\/v2\/types\/page"}],"author":[{"embeddable":true,"href":"https:\/\/www.krusche-online.de\/buero\/wp-json\/wp\/v2\/users\/1"}],"replies":[{"embeddable":true,"href":"https:\/\/www.krusche-online.de\/buero\/wp-json\/wp\/v2\/comments?post=5"}],"version-history":[{"count":13,"href":"https:\/\/www.krusche-online.de\/buero\/wp-json\/wp\/v2\/pages\/5\/revisions"}],"predecessor-version":[{"id":78,"href":"https:\/\/www.krusche-online.de\/buero\/wp-json\/wp\/v2\/pages\/5\/revisions\/78"}],"wp:attachment":[{"href":"https:\/\/www.krusche-online.de\/buero\/wp-json\/wp\/v2\/media?parent=5"}],"curies":[{"name":"wp","href":"https:\/\/api.w.org\/{rel}","templated":true}]}}

<p class="paragraph_style"><img loading="lazy" decoding="async" class=" wp-image-6 alignleft" src="https://www.krusche-online.de/buero/wp-content/uploads/2018/05/g-026ok-200x300.jpg" alt="" width="231" height="347" srcset="https://www.krusche-online.de/buero/wp-content/uploads/2018/05/g-026ok-200x300.jpg 200w, https://www.krusche-online.de/buero/wp-content/uploads/2018/05/g-026ok-768x1152.jpg 768w, https://www.krusche-online.de/buero/wp-content/uploads/2018/05/g-026ok-683x1024.jpg 683w" sizes="auto, (max-width: 231px) 100vw, 231px" /></p>
<p>Während meiner Zivildienstzeit entdeckte ich meine Freude am Umgang mit Menschen, im Speziellen im sozialen Bereich. Daher absolvierte ich anschliessend eine Ausbildung zum Krankenpfleger.</p>
<p>Nach der Ausbildung fand ich einen Arbeitsplatz bei einem großen Träger sozialer Einrichtungen. &nbsp;Dort arbeitete ich von 1994 bis 2010 in der ambulanten und stationären Altenpflege.</p>
<p>Zwischen 1997 und 2000 absolvierte ich Weiterbildungen zur Pflegedienstleitung, Heimleitung und Sozialmanagement.</p>
<p>Ab 2003 führte ich nebenberuflich gerichtlich angeordnete Betreuungen.&nbsp;Seit 2010 bin ich ausschliesslich als Berufsbetreuer im eigenen Büro tätig.</p>
<p>&nbsp;</p>
<p>&nbsp;</p>
<p>Qualifikationen und Erfahrungen:</p>
<ul>
<li>Ausbildung zum Krankenpfleger</li>
<li>Weiterbildungen zur Pflegedienstleitung, Heimleitung und Sozialmanagement</li>
<li>Studium Public Management (B.A.) mit Schwerpunkt Betreuung und Vormundschaft</li>
<li>Fortbildung zum Verfahrenspfleger Werdenfelser Weg</li>
<li>langjährige Tätigkeit in der Altenpflege in Leitungsfunktion</li>
<li>seit 2003 als Berufsbetreuer tätig</li>
<li>Mitglied im Bundesverband der Berufsbetreuer/innen e.V.</li>
<li>Mitglied im BdB-Qualitätsregister seit 08/2020<a href="https://www.bdb-qr.de" target="_blank" rel="noopener noreferrer"><img loading="lazy" decoding="async" class="alignright wp-image-60 size-medium" src="https://www.krusche-online.de/buero/wp-content/uploads/2020/08/QR-Logo-300x232.jpg" alt="" width="300" height="232" srcset="https://www.krusche-online.de/buero/wp-content/uploads/2020/08/QR-Logo-300x232.jpg 300w, https://www.krusche-online.de/buero/wp-content/uploads/2020/08/QR-Logo.jpg 666w" sizes="auto, (max-width: 300px) 100vw, 300px" /></a></li>
</ul>

<p>Während meiner Zivildienstzeit entdeckte ich meine Freude am Umgang mit Menschen, im Speziellen im sozialen Bereich. Daher absolvierte ich anschliessend</p>
